 7
Let t = -32 - -34. Suppose 5*u = 3*g - 521, t*u - 4*u - 509 = -3*g. List the prime factors of g.
167
Let g be 27/108 + 4006/8. Let k = g - 340. List the prime factors of k.
7, 23
Let o be (-4)/4*(-67)/1. Let g = 379 - o. Suppose -n = -7*n + g. List the prime factors of n.
2, 13
Suppose 18*i = 655 + 47. List the prime factors of i.
3, 13
Suppose 0*h + 15 = -5*h. List the prime factors of (-5)/(30/286)*h.
11, 13
Suppose 80 = -n - 98. Let t be n + -1 + 8/2. List the prime factors of ((-4)/10)/(7/t).
2, 5
List the prime factors of 2/12 + (33055/66 - -8).
509
Let f be (-2)/6*(-4 - -4). Suppose -2*p - 3*p - n = 21, -2*p + 5*n - 3 = f. What are the prime factors of (-17)/((p - -5) + -2)?
17
Suppose -4*l = -65 - 23. Let s = l - 1. Suppose -3*j - 4*d = -0*d - s, -4*j = -3*d - 53. List the prime factors of j.
11
Let w be ((-40)/(-4) - 0)/2. What are the prime factors of 42/(-105) - (-642)/w?
2
Let m(x) = 11*x + 178. List the prime factors of m(-13).
5, 7
Suppose -1824 = -4*f + 4*l, -2*f + 54*l = 49*l - 903. What are the prime factors of f?
3, 17
List the prime factors of ((-8)/4)/(-2 + 6)*-3860.
2, 5, 193
Suppose 0 = -6*z + 1016 + 1024. Let v = z + -223. What are the prime factors of v?
3, 13
Suppose -2*b - 13234 = -7*b + t, -2*t + 13237 = 5*b. What are the prime factors of b?
2647
Let o = -1063 + 1718. List the prime factors of o.
5, 131
Let s = 58 - 54. Suppose p + s*p - 280 = 0. List the prime factors of p.
2, 7
Let a be (-225)/(-4) + 10/(-40). Let b = a - 4. Let o = b - -10. List the prime factors of o.
2, 31
Suppose 2*x + 3*x = -4*v - 225, 25 = -5*v. Let q = x - -46. What are the prime factors of q?
5
Let h = -292 - -965. What are the prime factors of h?
673
Let f = 175 + -311. List the prime factors of 2 - (4 - 1) - f.
3, 5
Let g = -33 - -53. What are the prime factors of (-268)/6*(-30)/g?
67
Suppose -4*r = -4*c - r + 538, 0 = -5*c - 3*r + 659. Let q = c + -16. List the prime factors of q.
3, 13
Let z = -1582 - -3931. What are the prime factors of z?
3, 29
Let k be 1 + 1/(2/4). Suppose -6 = -k*q - 5*t, 5*q - 10 = -t + 4*t. Suppose -u = -q*u + 6. List the prime factors of u.
2, 3
Suppose 5*o - 328 - 1362 = 0. Let u = o + -187. What are the prime factors of u?
151
Suppose 4*q + 863 - 2578 = 3*y, 4*q - 1739 = -5*y. What are the prime factors of q?
431
Suppose 3*p + 14 = 3*y - p, 0 = 2*y + p - 2. Suppose 4*g = -y*j + 234, -2*j = -g + j + 55. List the prime factors of g.
2, 29
Let k(c) = c. Let b(x) = 3*x + 2. Let s(a) = -5*b(a) + 20*k(a). List the prime factors of s(18).
2, 5
What are the prime factors of 11856/13 - (4 + -5)?
11, 83
Let g = 620 - 1132. Let s = 720 + g. List the prime factors of s.
2, 13
Let d = 19 + -31. Let y(n) = -n**2 - 12*n + 4. Let t be y(d). Suppose -4*b - f = -98, 5*b - 8*f - 112 = -t*f. What are the prime factors of b?
2, 3
Let s(k) = 2*k**3 - 7*k**2 - 5*k + 1. Let q be s(6). Let z be (9/(72/20))/(2/4). Suppose -m + z*u + 27 = u, -5*m + 4*u = -q. What are the prime factors of m?
31
Suppose 2*w = -11 + 1, -w = -5*p - 20. Let u be (-43)/p - 8/(-20). What are the prime factors of 2 + (u - (3 + -2))?
2, 5
Suppose 0 = -5*p + 13*p + 872. Let x = p + 361. What are the prime factors of x?
2, 3, 7
Let x(o) be the third derivative of -o**5/60 + 11*o**4/24 + o**3/6 + 4*o**2. Let p be x(10). Let q = p - -12. List the prime factors of q.
23
What are the prime factors of (-2)/(-6)*(2134 - 7)?
709
Let t = -26 + 23. Let a be 2 - (-5 - t - -4). Suppose a = -7*s + 9*s - 134. List the prime factors of s.
67
What are the prime factors of 2178 - 18*20/(-30)?
2, 3, 5, 73
Suppose -31*b + 5253 + 9658 = 0. What are the prime factors of b?
13, 37
Suppose -15 = -k - 4*k. Suppose -k*l + 264 = l. List the prime factors of l.
2, 3, 11
Let u(n) = -n**3 - 2*n**2 + 5*n + 1355. List the prime factors of u(0).
5, 271
Suppose -515 - 290 = -5*i. What are the prime factors of i?
7, 23
Let n = 0 + -10. Let i be (-48)/28*(n - -3). What are the prime factors of 0 - 0 - (-168)/i?
2, 7
Suppose 0 = -5*n + 10*n - 35. Let r(o) = 9*o + 2. List the prime factors of r(n).
5, 13
What are the prime factors of (1144/(-39))/(8/(-528))?
2, 11
Suppose 4*m + 4 = -4*o, o - 2*m = -5*m - 9. Suppose -o*v + 2*h + 8 = -74, -107 = -4*v + 5*h. Suppose -5*w + 27 = -v. List the prime factors of w.
11
Let o(c) = -297*c - 65. List the prime factors of o(-3).
2, 7, 59
Let r be (-1 + 3 + 0)*2. Suppose -111 - 61 = -2*o - 5*k, 0 = -4*o + r*k + 400. What are the prime factors of o?
2, 3
Suppose 5*p - 27 + 7 = 0, -2*s + p + 64 = 0. Suppose 4*f + 3*v - 201 = -2*v, f - 2*v = s. Let g = 79 - f. List the prime factors of g.
5, 7
Let q(h) be the third derivative of h**6/120 + 7*h**5/30 + 11*h**4/24 - h**3 + 24*h**2. What are the prime factors of q(-12)?
2, 3, 5
Suppose 3*n - 4*k - 20 = 0, k + 5 = -5*n - 0*k. Suppose 55 = u + 3*d, n = -0*u - u + 2*d + 35. What are the prime factors of u?
43
Suppose 0 = 5*p + 365 - 5. Let z = p - -107. List the prime factors of (8/10)/(2/z).
2, 7
Let k(i) = -i**2 - 13*i + 2. Let f be k(-13). Let z(s) = -44*s + 49*s - 16 - f. List the prime factors of z(6).
2, 3
Let a(o) = 6*o**2 - 3*o - 1. Suppose -6 = -5*i + 3*x + x, 2*i - 4 = 2*x. What are the prime factors of a(i)?
29
Suppose -3*k + 3*o + 54 = 0, 6*o - 2*o - 104 = -4*k. Let m = k - 11. What are the prime factors of m?
11
Suppose -4*m + 62 = 2*w, -4*m + 3*w + 22 = -35. Suppose m*k - 12*k - 21 = 0. List the prime factors of k.
7
Suppose -506 = -4*k + 998. What are the prime factors of k?
2, 47
Let n be (10 - 12)*361/2 + 1. List the prime factors of (9/2)/((-15)/n).
2, 3
Let p(x) = -2*x + 1. Let m be p(3). Let s(y) = 2*y**2 + 7*y - 6. What are the prime factors of s(m)?
3
Suppose -24 = -3*i - 4*d - 1, 4*d = 8. Let j = i - 3. Suppose -3*y - 2*y = -j*c - 182, 94 = 3*y - 5*c. What are the prime factors of y?
2, 19
Suppose 2*t = 2*o + 3*t - 102, 3*t = -5*o + 254. Suppose -12*i + o = -8*i. What are the prime factors of i?
13
Let k = -513 + 1063. What are the prime factors of k?
2, 5, 11
Suppose -2*r + 2*y + 3694 = 0, -r - 4*y = -582 - 1265. List the prime factors of r.
1847
What are the prime factors of 17/(680/48750) + (-2)/(-8)?
23, 53
List the prime factors of -5 + 6 + (1 - -802).
2, 3, 67
What are the prime factors of (-4 + -241)*(-4 + 3)?
5, 7
Suppose -2*m + 0*m = 3*l - 10, 12 = 4*l + 4*m. Let i(o) = 2*o**2 - 5 + 0*o**2 - o**2. What are the prime factors of i(l)?
11
Suppose 4*z + 5*s - 1079 = 0, 5*z - 1358 = 8*s - 5*s. List the prime factors of z.
271
Let q = -89 - -167. Let u = q - 61. List the prime factors of u.
17
Let f(h) = h - 2. Let w be f(4). Suppose -w*c + 864 = c. Suppose 8*y - c = 2*y. What are the prime factors of y?
2, 3
Let s = 177 - 169. Suppose -s*n = 4*a - 5*n - 972, 5*a - 1215 = 2*n. What are the prime factors of a?
3
Let i be 10 - (-1 - (-2 - -3)). Suppose 0 = x - i + 13. What are the prime factors of 40 + 3*x/(-1)?
43
Let s(b) = 3*b**3 - b**3 - 9*b - b**2 + 13*b - 4*b**3. What are the prime factors of s(-3)?
3, 11
Suppose -4*w - 2*k + 182 = 0, -2*k + 109 = 2*w + 23. List the prime factors of w.
2, 3
Let s(c) = 25*c**3 - c**2 + 6*c - 5. What are the prime factors of s(2)?
7, 29
Let x = 437 - -171. What are the prime factors of x?
2, 19
Let g(u) = -u**3 + 13*u**2 + 11*u + 12. Let m be g(14). Let b be (-10)/75 + (-394)/m. Let y = -4 + b. List the prime factors of y.
3
Suppose 2*u + 88 = -12*w + 13*w, 0 = -3*w - 2*u + 288. What are the prime factors of w?
2, 47
Let l(m) = 4*m**3 - 39*m**2 - 68*m + 9. Let i(w) = w**3 - 13*w**2 - 23*w + 3. Let q(c) = -7*i(c) + 2*l(c). List the prime factors of q(-6).
3, 11
Suppose -960 = -2*j + 14*j. What are the prime factors of (46/(-8))/(((-55)/j)/(-11))?
2, 23
Let m(h) be the third derivative of h**6/120 + h**5/12 - 5*h**4/24 - 2*h**3/3 - 4*h**2. Let b be m(-6). Let u = -6 - b. List the prime factors of u.
2
Let h be (55/10 - 4)*1*4. Suppose 2*x + h*x - 456 = 0. What are the prime factors of x?
3, 19
Suppose -8*l = -12*l + 104. Let u(j) = 2*j - 48. What are the prime factors of u(l)?
2
What are the prime factors of -7 + (1/4)/(4/21536)?
13, 103
List the prime factors of ((-210)/(-40))/(2 - (-29)/(-16)).
2, 7
Let m = -25 + -22. Let a = 68 - m. What are the prime factors of (-21)/49 + a/7?
2
Suppose 0 = -12*h + 292 + 224. What are the prime factors of h?
43
Suppose 